st common factor of 407 and 37?
37
Calculate the highest common divisor of 6618 and 12.
6
What is the highest common factor of 12 and 15?
3
Calculate the highest common factor of 38 and 57.
19
What is the highest common factor of 48 and 2864?
16
What is the highest common divisor of 40 and 500?
20
What is the highest common factor of 900 and 36?
36
What is the highest common divisor of 15 and 195?
15
What is the greatest common divisor of 2934 and 18?
18
Calculate the greatest common factor of 824 and 8.
8
What is the highest common divisor of 7 and 917?
7
Calculate the highest common divisor of 102 and 136.
34
What is the highest common divisor of 687 and 6?
3
What is the highest common divisor of 68 and 34?
34
Calculate the highest common factor of 11770 and 220.
110
Calculate the greatest common factor of 24 and 5556.
12
What is the highest common divisor of 440 and 2090?
110
Calculate the greatest common factor of 2312 and 34.
34
Calculate the greatest common divisor of 47 and 29.
1
What is the greatest common factor of 133 and 2261?
133
What is the highest common factor of 33 and 30?
3
Calculate the greatest common factor of 510 and 2499.
51
Calculate the greatest common factor of 50526 and 126.
126
What is the greatest common factor of 86 and 1462?
86
Calculate the greatest common divisor of 24 and 1176.
24
Calculate the greatest common factor of 87 and 6873.
87
Calculate the greatest common divisor of 115 and 207.
23
What is the greatest common divisor of 530 and 1696?
106
What is the greatest common divisor of 3219 and 29?
29
Calculate the highest common divisor of 2673 and 88.
11
What is the highest common divisor of 23 and 368?
23
Calculate the highest common divisor of 348 and 96.
12
Calculate the highest common divisor of 132 and 2706.
66
What is the highest common factor of 96 and 3?
3
Calculate the highest common divisor of 90 and 54.
18
What is the highest common divisor of 44 and 2948?
44
Calculate the greatest common divisor of 171 and 38.
19
Calculate the highest common divisor of 78 and 42.
6
Calculate the greatest common divisor of 374 and 63206.
374
What is the greatest common factor of 750 and 120?
30
Calculate the highest common factor of 63 and 135.
9
What is the greatest common factor of 6 and 46?
2
Calculate the greatest common divisor of 1720 and 80.
40
Calculate the greatest common divisor of 4055 and 10.
5
Calculate the highest common divisor of 1804 and 41.
41
Calculate the greatest common divisor of 24 and 872.
8
Calculate the highest common divisor of 6675 and 25.
25
Calculate the highest common factor of 125 and 5.
5
What is the highest common divisor of 88 and 6424?
88
What is the greatest common divisor of 14 and 413?
7
Calculate the highest common divisor of 99 and 225.
9
Calculate the highest common factor of 208 and 182.
26
Calculate the highest common divisor of 4180 and 475.
95
Calculate the greatest common factor of 2822 and 68.
34
What is the highest common divisor of 80 and 1216?
16
What is the greatest common factor of 72 and 264?
24
Calculate the greatest common divisor of 1034 and 66.
22
What is the highest common divisor of 109 and 27359?
109
Calculate the greatest common divisor of 11374 and 188.
94
Calculate the greatest common divisor of 24 and 1236.
12
Calculate the highest common divisor of 333 and 3108.
111
Calculate the greatest common divisor of 1728 and 81.
27
What is the highest common factor of 432 and 936?
72
What is the highest common divisor of 54 and 1404?
54
What is the highest common divisor of 11 and 55?
11
Calculate the highest common factor of 44 and 880.
44
Calculate the highest common divisor of 18537 and 111.
111
Calculate the highest common divisor of 192 and 8688.
48
Calculate the greatest common divisor of 704 and 44.
44
What is the highest common factor of 3180 and 60?
60
What is the highest common divisor of 36 and 342?
18
Calculate the highest common divisor of 1350 and 3050.
50
What is the greatest common factor of 6 and 4?
2
Calculate the highest common factor of 13 and 264.
1
What is the highest common divisor of 20227 and 113?
113
Calculate the highest common factor of 50 and 1150.
50
Calculate the greatest common divisor of 4284 and 189.
63
What is the greatest common factor of 165 and 176?
11
Calculate the highest common divisor of 37 and 12284.
37
Calculate the greatest common divisor of 148 and 222.
74
Calculate the greatest common divisor of 34 and 272.
34
Calculate the greatest common divisor of 540 and 40.
20
Calculate the greatest common divisor of 2101 and 55.
11
Calculate the highest common factor of 4648 and 28.
28
Calculate the highest common factor of 18 and 225.
9
Calculate the greatest common divisor of 338 and 78.
26
Calculate the highest common divisor of 114 and 5928.
114
Calculate the greatest common divisor of 520 and 5.
5
What is the greatest common divisor of 39254 and 38?
38
What is the highest common divisor of 8 and 3314?
2
What is the greatest common divisor of 861 and 246?
123
What is the highest common divisor of 117 and 507?
39
Calculate the highest common factor of 60 and 1780.
20
What is the greatest common divisor of 286 and 52?
26
What is the greatest common factor of 11 and 32263?
11
Calculate the greatest common factor of 567 and 1029.
21
What is the greatest common divisor of 118 and 649?
59
What is the greatest common factor of 525 and 168?
21
What is the highest common factor of 390 and 702?
78
Calculate the greatest common factor of 372 and 12.
12
What is the highest common factor of 69 and 23?
23
Calculate the highest common divisor of 540 and 120.
60
What is the greatest common divisor of 381 and 78?
3
Calculate the highest common factor of 9 and 17748.
9
Calculate the greatest common divisor of 14861 and 14.
7
What is the greatest common divisor of 41 and 2009?
41
What is the greatest common divisor of 155 and 62?
31
What is the highest common factor of 300 and 390?
30
What is the greatest common divisor of 1 and 67?
1
Calculate the highest common factor of 14 and 1134.
14
Calculate the highest common factor of 154 and 182.
14
What is the greatest common divisor of 39 and 312?
39
What is the greatest common factor of 240 and 210?
30
What is the highest common factor of 10 and 30?
10
Calculate the greatest common factor of 1078 and 5852.
154
What is the greatest common divisor of 5560 and 8?
8
What is the highest common factor of 31501 and 109?
109
Calculate the greatest common divisor of 80 and 220.
20
What is the greatest common factor of 1824 and 133?
19
Calculate the highest common divisor of 18 and 1089.
9
Calculate the highest common divisor of 160 and 1120.
160
Calculate the highest common divisor of 1421 and 232.
29
Calculate the highest common divisor of 42 and 11949.
21
Calculate the highest common divisor of 37 and 24790.
37
What is the greatest common factor of 120 and 15?
15
What is the highest common factor of 2825 and 339?
113
Calculate the greatest common divisor of 440 and 264.
88
What is the highest common divisor of 581 and 7?
7
Calculate the greatest common factor of 365 and 355.
5
Calculate the greatest common divisor of 1313 and 26.
13
Calculate the highest common factor of 346 and 2.
2
Calculate the greatest common divisor of 21 and 147.
21
Calculate the highest common divisor of 589 and 76.
19
What is the greatest common factor of 10904 and 232?
232
Calculate the highest common factor of 46 and 2.
2
Calculate the highest common divisor of 224 and 192.
32
What is the highest common factor of 24 and 12?
12
Calculate the greatest common divisor of 144 and 36.
36
Calculate the highest common divisor of 35 and 170.
5
What is the highest common divisor of 13968 and 144?
144
Calculate the greatest common divisor of 27 and 69.
3
What is the greatest common factor of 3296 and 160?
32
What is the highest common divisor of 65 and 500?
5
What is the highest common factor of 49 and 329?
7
What is the highest common divisor of 36 and 528?
12
Calculate the highest common factor of 865 and 692.
173
Calculate the greatest common divisor of 13 and 247.
13
Calculate the greatest common divisor of 192 and 1600.
64
Calculate the highest common divisor of 535 and 1819.
107
What is the highest common factor of 930 and 